{"id":6,"date":"2014-09-12T21:51:06","date_gmt":"2014-09-12T19:51:06","guid":{"rendered":"http:\/\/sauerlaenderoldies.sascha-beele.de\/?page_id=6"},"modified":"2014-09-21T20:55:29","modified_gmt":"2014-09-21T18:55:29","slug":"chronik","status":"publish","type":"page","link":"https:\/\/www.sauerlaender-oldies.de\/?page_id=6","title":{"rendered":"Vereinsgeschichte"},"content":{"rendered":"<h2>Wir stellen uns vor.<\/h2>\n<p>Ein lang gehegter Traum wurde verwirklicht. 1996 wurden die &#8222;Sauerl\u00e4nder Oldies&#8220; gegr\u00fcndet.<br \/>\nAus 11 D\u00f6rfern des HSK haben sich \u00e4ltere Musiker zusammengeschlossen, um gemeinsam zu musizieren. Es sind \u00fcberwiegend Musiker, die in ihren Heimatvereinen nicht mehr aktiv sind. <\/p>\n<p>1996 hat Kapellmeister Franz Lahme ein erstes Treffen organisiert. Die von ihm ausgesuchten und angesprochenen Musiker waren sich schnell einig, die volkst\u00fcmliche Blasmusik weiter zu pflegen<br \/>\nund zu ihrem Hobby zu machen. Was sich daraus entwickelt hat, davon kann man sich bei vielen Auftritten \u00fcberzeugen.<\/p>\n<p>Der Name &#8222;Sauerl\u00e4nder-Oldies&#8220; ist einfach abzuleiten: Wir kommen alle aus dem Sauerland, und die J\u00fcngsten sind wir auch nicht mehr.<\/p>\n<p>Unsere Auftritte sind weit gef\u00e4chert: Jubil\u00e4en, Firmenjubil\u00e4en, Geburtstage, Konzerte, Wohlt\u00e4tigkeitsveranstaltungen usw.<br \/>\nHerausragende Auftritte waren f\u00fcr uns: Tag der Deutschen Einheit, in der Rattenf\u00e4ngerhalle in Hameln, WDR 4 Matinee in Hoppecke und der Auftritt im ZDF-Fernsehgarten mit der Stadt Brilon zum Wettbewerb &#8222;Entente Florale&#8220;.<br \/>\nUnsere Ausrichtung des &#8222;Vatertages&#8220; in jedem Jahr in Bontkirchen auf &#8222;Huckeshol&#8220; ist schon zum festen Anlaufpunkt vieler Wanderer geworden. Wir haben uns der volkst\u00fcmlichen Blasmusik verschrieben und dadurch viele Freunde gewonnen. Unser gro\u00dfer Wunsch ist es, dass wir noch einige Jahre gemeinsam f\u00fcr Sie musizieren k\u00f6nnen. Uns macht es viel Freude.<\/p>\n<p>Franz Josef G\u00f6tte u. Werner Niggemann<br \/>\n&#8211; I. u. II. Vorsitzende &#8211;<\/p>\n<p>&nbsp;<\/p>\n<h2>Am 02. September 2006 wurde das 10- j\u00e4hrige Jubil\u00e4um in Hoppecke gefeiert.<\/h2>\n<p>Die &#8222;Sauerl\u00e4nder Oldies&#8220; bedanken sich !<\/p>\n<p>Am 2. September haben die &#8222;Sauerl\u00e4nder Oldies&#8220; ihr 10j\u00e4hriges Jubil\u00e4um in der Sch\u00fctzenhalle in Hoppecke gefeiert. Ein Fest wie sch\u00f6ner nicht h\u00e4tte sein k\u00f6nnen.<br \/>\nAuch Oldies k\u00f6nnen feiern.<\/p>\n<p>Die Gastvereine haben sich hervorragend nach der Begr\u00fc\u00dfung und Festrede mit gelungenen Vortr\u00e4gen pr\u00e4sentiert. Die Zuh\u00f6rer in der gut besetzten Halle waren begeistert.<\/p>\n<p>Nach dem offiziellen Teil spielten die &#8222;Sauerl\u00e4nder Oldies&#8220; zusammen mit den &#8222;Hochsauerl\u00e4ndern&#8220; die &#8222;Abschiedsserenade&#8220;. Komponiert und arrangiert von Kapellmeister Franz Lahme. Nach dem Beifall zu urteilen, ein gro\u00dfer Erfolg.<\/p>\n<p>Danach spielten die &#8222;Sauerl\u00e4nder Oldies&#8220; nach ihrem Motto:<\/p>\n<p>feiern wie es fr\u00fcher war, mit Walzer, Polka, Tango und Rheinl\u00e4nder&#8220; zur Tanzmusik auf. Der Tanzboden war bis sp\u00e4t in die Nacht gut besetzt (gef\u00fcllt).<\/p>\n<p>Die &#8222;Sauerl\u00e4nder Oldies&#8220; bedanken sich bei allen Gratulanten und G\u00e4sten f\u00fcr Ihr Kommen und versprechen, auch in Zukunft mit dieser Art Musik pr\u00e4sent zu sein.<\/p>\n<p>&nbsp;<\/p>\n<h2>Oldies trainieren &#8222;\u00d6sis&#8220;<\/h2>\n<p>So stand es in der Westfalenpost zu lesen.<\/p>\n<p>An einem Samstag im April 2007 haben sich die &#8222;Sauerl\u00e4nder Oldies&#8220; und der vor drei Jahren gegr\u00fcndete &#8222;Musikverein Oesdorf&#8220; in der Sch\u00fctzenhalle Oesdorf zu einem gemeinsamen Probenachmittag getroffen. Ziel war es, einige St\u00fccke gemeinsam einzustudieren. Die &#8222;alten Hasen&#8220; wollen ihre Erfahrung an die noch jungen Musiker aus Oesdorf weitergeben. So wurden einige Konzertst\u00fccke, aber auch Walzer und Polka aufgelegt.<\/p>\n<p>Unter der Leitung von Kapellmeister Franz Lahme (Milit\u00e4rmusiker, Mitglied des NRW-Landesorchesters und viele Jahre Dirigent der &#8222;Hochsauerl\u00e4nder&#8220; aus Hoppecke) verlief die Probe doch sehr anspruchsvoll. Einige der jungen Musiker mussten erkennen, dass es bis zum fertigen Musiker ein weiter Weg ist. Viel, viel Proben ist erforderlich. Einiges an Freizeit muss geopfert werden.<\/p>\n<p>Aber am Ende der Probe sah man zufriedene Gesichter. Dies war ein Zeichen daf\u00fcr, dass es allen Spa\u00df gemacht hatte. Wenn dann das Einstudierte gut klappt, gehen alle mit mehr Freude an die n\u00e4chste Probenarbeit. Dies gilt auch f\u00fcr die &#8222;Oldies&#8220;, die den Nachmittag sehr genossen haben.<\/p>\n<p>&#8222;Das Fundament ist da. Die jungen Leute spielen schon recht gut. Darauf kann man aufbauen&#8220;. Das war der Kommentar von Kapellmeister Franz Lahmen nach<br \/>\nder Probe.<\/p>\n<p>Bei einigen Auftritten haben die Musiker aus Oesdorf schon ihr K\u00f6nnen unter Beweis gestellt. Sie haben bei einem Wertungsspiel schon den 1.Platz belegt.<\/p>\n<p>Die Bewirtung durch den Musikverein Oesdorf war gut und reichlich. Daf\u00fcr bedankten sich alle recht herzlich.<\/p>\n<p>Wie sch\u00f6n es ist und auch aussieht mit einem so gro\u00dfen Orchester zu arbeiten, sehen sie in unserer Bildergalerie.<\/p>\n<p>Dies war bestimmt nicht der Letzte gemeinsame Probennachmittag.<\/p>\n","protected":false},"excerpt":{"rendered":"<p>Wir stellen uns vor. Ein lang gehegter Traum wurde verwirklicht. 1996 wurden die &#8222;Sauerl\u00e4nder Oldies&#8220; gegr\u00fcndet. Aus 11 D\u00f6rfern des HSK haben sich \u00e4ltere Musiker zusammengeschlossen, um gemeinsam zu musizieren. Es sind \u00fcberwiegend Musiker, die in ihren Heimatvereinen nicht mehr aktiv sind. 1996 hat Kapellmeister Franz Lahme ein erstes Treffen organisiert. Die von ihm ausgesuchten [&hellip;]<\/p>\n","protected":false},"author":1,"featured_media":0,"parent":0,"menu_order":0,"comment_status":"open","ping_status":"open","template":"","meta":{"footnotes":""},"_links":{"self":[{"href":"https:\/\/www.sauerlaender-oldies.de\/index.php?rest_route=\/wp\/v2\/pages\/6"}],"collection":[{"href":"https:\/\/www.sauerlaender-oldies.de\/index.php?rest_route=\/wp\/v2\/pages"}],"about":[{"href":"https:\/\/www.sauerlaender-oldies.de\/index.php?rest_route=\/wp\/v2\/types\/page"}],"author":[{"embeddable":true,"href":"https:\/\/www.sauerlaender-oldies.de\/index.php?rest_route=\/wp\/v2\/users\/1"}],"replies":[{"embeddable":true,"href":"https:\/\/www.sauerlaender-oldies.de\/index.php?rest_route=%2Fwp%2Fv2%2Fcomments&post=6"}],"version-history":[{"count":6,"href":"https:\/\/www.sauerlaender-oldies.de\/index.php?rest_route=\/wp\/v2\/pages\/6\/revisions"}],"predecessor-version":[{"id":123,"href":"https:\/\/www.sauerlaender-oldies.de\/index.php?rest_route=\/wp\/v2\/pages\/6\/revisions\/123"}],"wp:attachment":[{"href":"https:\/\/www.sauerlaender-oldies.de\/index.php?rest_route=%2Fwp%2Fv2%2Fmedia&parent=6"}],"curies":[{"name":"wp","href":"https:\/\/api.w.org\/{rel}","templated":true}]}}